he first derivative of -g**7/280 + g**4/12 + 2*g**3/3 + 2. Let o(u) be the third derivative of z(u). List the prime factors of o(-2).
2, 13
Let s(c) = 4*c**2 - 41*c - 98. List the prime factors of s(-19).
5, 17
Let i(v) = -79*v - 22. Let a be i(-10). Suppose 7*n + n = a. What are the prime factors of n?
2, 3
Let h = -32 - -36. Suppose -h*g + 70 = -3*g. What are the prime factors of g?
2, 5, 7
Let p = 1356 - 570. What are the prime factors of p?
2, 3, 131
Let k = 2521 + -1591. List the prime factors of k.
2, 3, 5, 31
Suppose 3*n = -5*g + 1314, -9*g = -13*g - 12. List the prime factors of n.
443
Let u(g) = 7*g**2 - g - 1. Let p be u(-1). Let x(r) = r**2 - 6*r - 1. List the prime factors of x(p).
2, 3
Let r(i) = i**2 - 2*i - 4. Let g be r(0). Let q be (-1)/((-2)/g) + 23. What are the prime factors of 12/q - 1332/(-21)?
2
Let k(z) = 10*z**2 - 4*z + 5. Let b(l) = l**3 + 3*l**2 - l. Let g be b(-3). What are the prime factors of k(g)?
83
Let i = -3577 - -5369. List the prime factors of i.
2, 7
Suppose -15 = -3*v, 0 = -3*p + v - 2*v + 8975. What are the prime factors of p?
2, 5, 13, 23
Suppose -40739 = 23*u - 120342. List the prime factors of u.
3461
Suppose r - 16 = -3*r. Suppose 10 = 3*o - o, g + r*o = 0. Let c = g - -29. List the prime factors of c.
3
Suppose -3*m = -2*m + 10. Let f be (-1026)/(-15) + 4/m. Let x = 96 - f. List the prime factors of x.
2, 7
Suppose 4*w - 35 = -w. Suppose 3*q = n + w*q - 11, -4*q = -n + 11. Suppose 0 = -r + 7 + n. List the prime factors of r.
2, 3
Let c(m) = m**3 - 5*m + 77. List the prime factors of c(0).
7, 11
List the prime factors of 115046/207 - (-4)/18.
2, 139
Let q = -4 - -9. Let m be 2/19 + 16/(-152). Suppose q*l - l = -3*s + 55, 4*s - 3*l - 40 = m. What are the prime factors of s?
13
Let m = 10 - 22. Let f = m - -9. Let k(y) = y**2 + 3*y + 3. What are the prime factors of k(f)?
3
Let m = -208 - -301. Let t = m + -87. List the prime factors of t.
2, 3
Let a(y) = -y**2 - 3*y + 9. Let k be a(-4). What are the prime factors of 2/k - (-618)/30?
3, 7
Suppose 4*s = 8 + 4. Suppose s*r - 9 = 5*h + 6, 0 = -2*h. List the prime factors of r*2*9/10.
3
List the prime factors of ((-1902)/(-27))/(-9 - 574/(-63)).
2, 317
Let u(c) = 2*c**2 - 18*c - 15. Suppose 15*q - 117 = 6*q. List the prime factors of u(q).
89
Suppose -5*p = 4*d + 32, -5*p - d = -2*p + 22. Let h(n) = 5*n**2 + 6*n + 9*n**2 - 7 - 5*n**2 - 5*n**3 + 6*n**3. What are the prime factors of h(p)?
3
Suppose -12*p = -3033 - 3987. What are the prime factors of p?
3, 5, 13
List the prime factors of (-44)/6*32220/(-120) + 5.
2, 3, 7, 47
Let p = 5507 - 2493. What are the prime factors of p?
2, 11, 137
Let l = 107 + 230. Suppose 92 = v - n, -l + 66 = -3*v + 2*n. What are the prime factors of v?
3, 29
Let m = 5 - 2. Suppose h = m*h - 102. Suppose 2*u + 4*k - 32 = 0, -2*k + h = 3*u + k. List the prime factors of u.
2, 3
Suppose 198*f - 18642 = 194*f - 2*j, 0 = -3*j - 3. List the prime factors of f.
59, 79
Suppose 3*q - 1105 - 2441 = 0. List the prime factors of q.
2, 3, 197
Let q = -404 - -409. Let p be 4/((-2)/2)*-1. Suppose -q*r - 64 = -p*v - r, -2*r = 4. List the prime factors of v.
2, 7
Suppose 3035 = 5*t - 2*i, 0 = 3*t - 5*t - 5*i + 1243. List the prime factors of t.
3, 7, 29
Suppose -4*f + 0 = 2*t + 60, t - 21 = f. Let a = f + 30. Suppose x = a + 5. What are the prime factors of x?
2, 3
Suppose 2061 = -11*b + 11257. What are the prime factors of b?
2, 11, 19
Suppose -174 = -2*l - o - o, -2*l + 168 = -4*o. Suppose -5*x - 16 = -l. List the prime factors of x.
2, 7
Suppose 4*s = 2*f - 6292, -f - 3*f - 4*s = -12584. List the prime factors of f.
2, 11, 13
What are the prime factors of (-5)/(-10)*(1282 - 0)?
641
Suppose 2*b + 102 = 1090. List the prime factors of b.
2, 13, 19
Let a(r) = 47*r**3 - 5*r**2 + 6*r - 2. What are the prime factors of a(2)?
2, 3, 61
Suppose 88*w - 74*w = 8512. What are the prime factors of w?
2, 19
List the prime factors of 3353 + 760/(-140) + 6/14.
2, 3, 31
List the prime factors of 1 + (-10)/(-5) + 1910.
1913
Let g(y) = 2*y**2 - y + 2. Let s be g(2). Suppose m - s = -p, -2*p = 3*m - 2*m - 12. Let h(w) = -w**3 + 5*w**2 - w - 4. What are the prime factors of h(p)?
2
Suppose -506 = -2*m - 3*o + 662, 4*m = 2*o + 2336. List the prime factors of m.
2, 73
Suppose -5*p - 1452 = -4117. List the prime factors of p.
13, 41
Let s(d) = d + 9. Let k be s(-13). Let v be -2*k/8*4. What are the prime factors of 472/20 + v/10?
2, 3
Let m be 48/(2 - (-4)/(-8)). Suppose -4*f = 4*s - m, -3*f - 2*f = -5*s + 20. Let q(p) = -p**3 + 7*p**2 - 4*p + 2. List the prime factors of q(s).
2, 7
Let f be 8/(-28) + (-90)/(-21). Suppose 2*h + 0*h = f. Suppose -h*s + 12 = s. What are the prime factors of s?
2
Suppose 3531 = 7*c - 4750. What are the prime factors of c?
7, 13
Let v = -11 - -11. Suppose -10*q + 4*q - 102 = v. Let k = 80 + q. List the prime factors of k.
3, 7
List the prime factors of ((-28)/(-35))/((-4)/(-1200)) - 0.
2, 3, 5
Let d be ((-206)/(-4))/((-1)/2). Let w = -24 - d. List the prime factors of w.
79
Let g(w) = -14*w**2 - w**2 - 14 - 6 + 20*w + w**3. Let q be g(14). Suppose 7*m - 183 = -q. List the prime factors of m.
17
Suppose 3*i - q = i + 9, -5*q = 4*i - 11. Suppose 2*o - 2*c + i*c - 10 = 0, 0 = o - 3*c - 1. What are the prime factors of o?
2
Let w = -285 + 1812. What are the prime factors of w?
3, 509
Let x(p) = -10*p**3 - p**2 + 5*p + 2. List the prime factors of x(-4).
2, 3, 101
Suppose 9 + 9 = -2*p. Let w(j) = j**3 + 11*j**2 + 9*j + 1. What are the prime factors of w(p)?
2, 41
Let t be 0 - 0 - (4 + -8). Suppose m - 8 = -m - t*s, 5*s = -10. What are the prime factors of m?
2
Suppose -137*k + 26700 = -112*k. List the prime factors of k.
2, 3, 89
List the prime factors of 2/9 - 272711/(-639).
7, 61
What are the prime factors of (-4)/6 - (-7294)/42?
173
Let g(n) = 3*n**2 + 2*n + 2. Let t be g(-1). Suppose t*y = 7*y. Let a(u) = u + 47. List the prime factors of a(y).
47
Let n = -64 + 110. List the prime factors of 2 - (1 - 3)*n.
2, 47
Let j be (17/34)/((-1)/(-10)). Suppose -a + 58 = j*g, 2*a + 63 - 193 = -3*g. List the prime factors of a.
2, 17
Let j(q) = -q**3 - 5*q**2 - 2*q + 7. Let b be j(-5). Let l = b + -11. Let z(w) = 2*w + 6. What are the prime factors of z(l)?
2, 3
Let u(b) be the first derivative of b**3/3 - 2*b**2 + 3*b + 2. Let x be (2/(-3))/((-12)/108). What are the prime factors of u(x)?
3, 5
Suppose 4*y = -2*u + 2620, -u + 0*u + 3*y = -1325. List the prime factors of u.
2, 7, 47
Let b be (-3)/((-9)/(-30)*-1). Let r = b - -34. What are the prime factors of r?
2, 11
Let x(z) = 3*z**3 + 10*z**2 - 13*z + 76. What are the prime factors of x(9)?
2, 739
Suppose -5*o = 4*a + 46, -o - a = 4*o + 34. Let m = 136 - o. What are the prime factors of m?
2, 71
Let l(v) = 2*v - 3. Suppose 2 = 5*n - 8. Let i be l(n). What are the prime factors of i*7 + (-14 - -16)?
3
Suppose 2*g - 5*g + 2*w = -733, -5*g = -5*w - 1230. Let s = g + -120. List the prime factors of s.
11
Suppose 0 = -4*a + n + 2432, 0 = -a - 13*n + 12*n + 608. List the prime factors of a.
2, 19
Let r = -24 - -11. Let i = r - -13. Suppose -5*k + 7 + 218 = i. What are the prime factors of k?
3, 5
Let w(y) = y**3 - 25*y**2 - 58*y - 49. List the prime factors of w(28).
7, 97
Let a(x) be the third derivative of 0 - 1/6*x**4 - 13/6*x**3 + 0*x + 6*x**2. What are the prime factors of a(-6)?
11
Suppose -2*q + 612 = i, 1831 = 3*i + 2*q + 3*q. List the prime factors of i.
2, 7, 43
Let n = -1145 + 2995. What are the prime factors of n?
2, 5, 37
Let l(i) be the third derivative of i**6/20 - i**5/60 - i**4/6 + i**3/2 - 30*i**2. What are the prime factors of l(2)?
3, 13
Let l(t) be the third derivative of -37*t**4/24 - 23*t**3/3 - 44*t**2. What are the prime factors of l(-5)?
139
Suppose -r + 1531 = 2*d, 0 = 5*d - 7*d - 4*r + 1546. List the prime factors of d.
7, 109
Let l = 1438 + -450. What are the prime factors of l?
2, 13, 19
Let x(m) = 43*m + 493. List the prime factors of x(55).
2, 1429
Let d = -323 - -172. Let h = -70 - d. List the prime factors of h.
3
Let b(r) = 44*r + 435. List the prime factors of b(9).
3, 277
Suppose 0*t - 88 = 8*t. List the prime factors of 0*(4 - 3) - t.
11
Let n(z) = 6*z**2 + 0 + 7 - 6*z - 5 - 1. Let d(u) = 19*u**2 - 18*u + 3. Let t(j) = -2*d(j) + 7*n(j). What are the prime factors